v(c) = -62*c - 4. Let x(j) = -62*j - 3. Let l(d) = 5*v(d) - 6*x(d). Let q be l(3). Let h = -60 + q. What is the hundreds digit of h?
1
Let a be -11*3/(-9) - 4/6. Suppose -a*j + 1276 = 5*d - 562, 0 = 3*d - 3*j - 1098. What is the hundreds digit of d?
3
Suppose 0*i - 29*i = -174. Let f(k) = 2*k**3 + 7*k**2 - 20*k + 69. What is the hundreds digit of f(i)?
6
Suppose 1487370 = 1757*g - 1671*g. What is the hundreds digit of g?
2
Suppose 25*w = 67*w - 168. Suppose 829 = b - w*q, -15*q = 2*b - 11*q - 1598. What is the hundreds digit of b?
8
Suppose 0 = -330*c + 329*c - 7. What is the tens digit of (8 + c - -11)*256/6?
1
Suppose -3*w = 184*z - 183*z - 3021, -4*w + 3019 = z. What is the hundreds digit of z?
0
Suppose 0 = 11*k - 9*k - 292. Suppose -2*m + 292 = -k. What is the tens digit of m?
1
Let m(a) = -2*a**3 - 7*a**2 + 9*a + 10. Let v be m(-6). Suppose -z = 5*b - v, 0 = 5*z + 4*b - 335 - 450. Suppose 5*q - 486 = -z. What is the units digit of q?
5
Suppose 0 = -5*b - 4*n + 913, -5*b - 4*n = -3*b - 370. Suppose -j + b + 109 = 4*q, 0 = 3*j + 2*q - 820. What is the tens digit of j?
7
Let u(s) = 3*s**3 - 14*s**2 - 22*s + 426. What is the thousands digit of u(18)?
2
Let n be (-3)/(-12) + 789/12. Let l = -65 + n. Let b = l - -30. What is the tens digit of b?
3
What is the thousands digit of 8 - (-148071)/(-66)*(-20)/7?
6
Let p(q) = q**3 - 21*q**2 - 18*q + 14. Let w(l) = -l**2 + 8*l - 1. Let z be w(-4). Let a = z - -71. What is the units digit of p(a)?
2
Let s = -28573 - -44726. What is the units digit of s?
3
What is the hundreds digit of (-1503105)/(-105) + 6/(-21)?
3
Suppose -5*r + 27 = 3*i - 15, 0 = 2*i - 3*r - 9. What is the thousands digit of 9*i/(81/1434)?
1
Let y = 45325 + -29843. What is the thousands digit of y?
5
Let d(j) = -709*j**3 + 3*j + 1. Suppose 3 = 14*l + 17. Let u be d(l). Let g = u + -437. What is the units digit of g?
0
Let q = 684 + -410. Let d = q - -99. What is the hundreds digit of d?
3
Let h = -213 - -210. What is the thousands digit of (h*(-12800)/(-90))/((-1)/3)?
1
Suppose -63*l - 13198 = -54*l - 92362. What is the hundreds digit of l?
7
Let p(a) = 4*a + 1. Let o be p(0). Let v(z) = 3*z**2 + 3*z - 2. Let y be v(o). Suppose -7*m + y*m + 63 = 0. What is the units digit of m?
1
Suppose 15*y = 103574 - 34649. What is the thousands digit of y?
4
Suppose -3*d + 3*p = -1704, -564 = -d + 10*p - 13*p. Let x = d + 279. What is the hundreds digit of x?
8
Let s(h) = 295*h + 170. What is the hundreds digit of s(29)?
7
Let g = -5833 - -10477. What is the hundreds digit of g?
6
Let b = 114416 + -75608. What is the tens digit of b?
0
Let t be (2 + (-49)/14)/(1/(-234)). Let s = 503 - t. What is the hundreds digit of s?
1
Let q(l) = -201*l + 2763. What is the units digit of q(-95)?
8
Let j = 184 + -168. Let d(t) = t**3 - 3*t**2 - t + 1. Let b be d(6). Suppose 3*k = -j + b. What is the tens digit of k?
2
Suppose -5*c = -6*c - 327. Let y = c - -497. Suppose 2*d = -4*k + y, 3*k - 215 = -4*d + 120. What is the units digit of d?
3
Suppose 3*j = -20 + 20. Suppose -4*v - 12 = -j, 5*k - 4*v = 22. Suppose 0*y = -k*y + 230. What is the tens digit of y?
1
Let w = 34 - 79. Let b be -1 + (-185)/30*-18. Let x = b - w. What is the units digit of x?
5
Let h(y) = -y**2 - 5*y + 8. Let t be h(-6). Suppose 695 = -42*q + 17705. Suppose -n + q = 5*i - 6*n, -2*i - t*n = -154. What is the tens digit of i?
7
Let r(f) = -f**3 + 1 + 0*f**3 + 0*f**3 + 3 - 4*f**2. Let y be r(-2). What is the units digit of (-33)/(y/(-16)*-2)?
6
Let c(y) = -9 - 12*y + 13*y - 7*y**2 - y**3 - 2. What is the units digit of c(-9)?
2
Suppose 0 = -d + 760 - 65. Suppose 4*w - d = -w. Suppose 4*p - 447 = -w. What is the tens digit of p?
7
Let q(a) = 134*a + 6. Suppose 5*l = -5*f + 410, 82 = f - 8*l + 5*l. Suppose -80*r + f*r = 2. What is the tens digit of q(r)?
4
Suppose 2*s - 5*b + b - 10 = 0, -5*b - 15 = 0. What is the hundreds digit of (-54)/(-66) + s - 8516/(-11)?
7
Suppose 2*z = -t + 388, 2*t - 7*z - 758 = -2*z. Let i = 826 - t. What is the hundreds digit of i?
4
Suppose 0*t + t = 22*t - 678699. What is the ten thousands digit of t?
3
Let l = 61 + -46. Suppose l*f = 11*f + 688. What is the units digit of f?
2
Let s(g) = 2*g**3 - 108*g**2 + 184*g - 98. What is the tens digit of s(56)?
5
What is the thousands digit of 1 - (507132/(-4))/9?
4
Suppose 217*b - 220*b = -35532. What is the thousands digit of b?
1
Suppose 0 = -4*g + 2*i + 37382, 1005*g + 37364 = 1009*g + 4*i. What is the units digit of g?
4
Let q = 401 + -398. Let i(g) = 211*g. What is the hundreds digit of i(q)?
6
Suppose -22*s = -s - 714. Suppose -s*n = -33*n - 12. What is the tens digit of (286/(-8))/((-27)/n - -2)?
4
Suppose 0 = m - 1, 2*m - m - 31 = 5*u. Let b be 9548/(-6)*(16 - 1560/84). What is the units digit of 2/u + 1/(18/b)?
7
Let v(b) = -439*b + 69. What is the hundreds digit of v(-3)?
3
Let b(z) be the first derivative of z**4/4 + 8*z**3/3 + 3*z**2 - 3*z + 13. Let x be b(-7). What is the tens digit of 40/15*93/x?
6
Let w(r) = -r**3 - 2*r**2 - 2*r + 6834. What is the tens digit of w(0)?
3
What is the thousands digit of (116/6 - 0)/(578/347667)?
1
Let b = -40 + 98. Let g = b + -54. Suppose 5*t - 473 = c - 5*c, -g*c = 2*t - 482. What is the hundreds digit of c?
1
Let y(s) = s**3 + 38*s**2 - 139*s - 67. What is the thousands digit of y(-37)?
6
Suppose -5*l - 4541 = -4*o, 0*o - 2*o = 2. Let j = l + 1324. Let d = j + -146. What is the units digit of d?
9
Suppose -3*g - 25 = -5*h, -2*h - g = 2 - 12. Suppose 2*p = -0*p + 4. Suppose 10 = -p*q, 0 = h*x - 2*q + 7*q - 340. What is the units digit of x?
3
What is the thousands digit of 3 - -21649 - (-10 + -9 + 9)?
1
Let d(x) = -11*x**3 + 10*x**2 + 16*x - 10. Let o(z) = -4*z**3 + 3*z**2 + 6*z - 4. Let j(h) = -6*d(h) + 17*o(h). What is the tens digit of j(-8)?
9
Let y be (-14)/3 - (-11)/198*-6. What is the hundreds digit of 1/(((-5)/842)/y)?
8
Let m(o) = o**3 + 120*o**2 + 242*o - 623. What is the ten thousands digit of m(-116)?
2
Let a(j) be the first derivative of 15*j**4 + j**2 - j - 9. What is the hundreds digit of a(2)?
4
Let j be 2/17 + 70/(-595). Suppose -324 = -4*l - j*l. What is the tens digit of l?
8
Let h = 560 + -33. Let z be 3*1*(-314)/3. Let v = h + z. What is the units digit of v?
3
What is the hundreds digit of (-3)/8 + (-306744419)/(-19976) + (-6)/22?
3
Let m = 12 - 44. Let a = m - -37. Suppose -3*h - 162 = -3*p, a*h = -2*p + 102 - 22. What is the units digit of p?
0
Suppose -5*p + 4*x + 239687 = 0, -3*x = -4*p + 192204 - 455. What is the tens digit of p?
3
Let k(q) be the second derivative of -q**4/12 - 25*q**3/6 - 13*q**2/2 - 2*q - 2. What is the tens digit of k(-20)?
8
Let m(g) = 10351*g + 954. What is the thousands digit of m(3)?
2
Suppose 4*c = -2*y + 2336, -8 = 4*c - 2*c. What is the units digit of (-1 - 0)/(-1 + 1164/y)?
8
Let y = -14 - -14. Let i(x) = 3*x + 28. Let p be i(-8). Suppose -f + 5*t + 4 = y, -p*f + 5*t - 2*t + 50 = 0. What is the units digit of f?
4
Suppose 2*j = 5*y + 20, -5*j + 4 = -3*y - 27. Suppose j*c = -f + 11, 0 = -5*c + 9*c - 3*f - 24. Suppose 97 + c = 10*v. What is the tens digit of v?
1
What is the ten thousands digit of 0 + (-90)/108 + (-219635)/(-6) + -1?
3
Suppose -4*g + 4*f = -24, -f + 6 = 2*f. Suppose 0 = 5*v - g*v + 3. What is the tens digit of ((-20)/(-6))/(v/(6 - -3))?
3
What is the hundreds digit of -2*((-41931)/18 - -11)?
6
Let s(w) = 3*w**2 + 6*w + 2. Let j be (-1876)/(-154) + (-6)/33. What is the hundreds digit of s(j)?
5
Suppose 4*m + 3*p - 7049 = 0, -3144 = -5*m - p + 5670. Suppose 11*f - m = 899. What is the hundreds digit of f?
2
Let h = 100133 + -55769. What is the units digit of h?
4
Let r(d) = -8*d + 157. Let z be r(-3). Suppose -z*k = -184*k + 2175. What is the units digit of k?
5
Suppose -2583058 - 156932 = -138*v. What is the tens digit of v?
5
Suppose -4*j = -2*z - 70718, -z + 31466 - 102191 = -4*j. What is the ten thousands digit of j?
1
Let i be (-4 + 1)/(-3 - (0 + -2)). Suppose -2*c + p = -8, 4*c = 2*c - i*p. Suppose 139 = s + 2*x, 2*x - 429 = -c*s - 0*s. What is the units digit of s?
5
Suppose n + 26 = 4*z + 4*n, 0 = 5*z - 5*n - 50. Suppose 406 + 130 = -z*p. Let r = p - -204. What is the units digit of r?
7
Let f = 5 - 2. Let k = -6246 - -6246. What is the tens digit of -37 + 266 - (f + k - -1)?
2
Suppose -32*n = 